mon factor of 1239 and 18606476?
413
What is the highest common factor of 20180244 and 302?
302
What is the highest common factor of 15744 and 139056?
48
Calculate the highest common factor of 252 and 19320552.
36
What is the greatest common divisor of 56 and 24326976?
8
Calculate the greatest common factor of 26019312 and 6996.
132
Calculate the greatest common factor of 2224565 and 1015.
35
What is the highest common divisor of 50 and 1700610?
10
Calculate the greatest common factor of 1125446 and 13846.
14
What is the highest common divisor of 15368 and 3332?
68
What is the greatest common factor of 77176359 and 886?
443
What is the greatest common factor of 35700016 and 88?
88
What is the highest common factor of 1313 and 629291?
13
What is the greatest common divisor of 3773 and 11384296?
77
Calculate the highest common factor of 12374 and 42274.
46
What is the greatest common factor of 37195 and 831265?
865
Calculate the highest common factor of 208381 and 715696.
1091
What is the highest common factor of 525 and 110917275?
525
Calculate the greatest common divisor of 25 and 6058925.
25
What is the highest common divisor of 330928 and 55796?
1924
Calculate the greatest common factor of 570 and 13695162.
114
Calculate the highest common divisor of 503 and 143023523.
503
What is the greatest common divisor of 3774439626 and 318?
318
What is the greatest common divisor of 12376992 and 896296?
4504
Calculate the highest common divisor of 6317253 and 114.
57
Calculate the greatest common factor of 20552 and 4911194.
734
Calculate the greatest common divisor of 63579 and 126.
3
Calculate the highest common divisor of 543196 and 6.
2
Calculate the highest common factor of 435 and 9739095.
15
Calculate the greatest common factor of 526295 and 22088.
11
What is the highest common factor of 522864 and 7056?
144
What is the highest common factor of 39848 and 27115392?
2344
Calculate the highest common factor of 2527454 and 16254.
86
What is the highest common divisor of 433522064 and 32?
16
What is the highest common factor of 432 and 540060?
12
Calculate the highest common factor of 3674 and 5038.
22
Calculate the greatest common factor of 1007659 and 1891.
61
Calculate the greatest common divisor of 16252444 and 16510.
3302
Calculate the highest common factor of 216210215 and 1235.
1235
Calculate the greatest common divisor of 68932509 and 137.
137
What is the greatest common factor of 7873245 and 3105?
1035
Calculate the greatest common factor of 2 and 1539926.
2
Calculate the highest common divisor of 4978881 and 6046.
3023
Calculate the greatest common factor of 239600 and 44600.
200
What is the highest common divisor of 116446806 and 36?
18
What is the highest common factor of 3198 and 227879886?
3198
Calculate the greatest common factor of 75480 and 857068.
148
Calculate the highest common divisor of 6275625 and 240.
15
What is the highest common factor of 1271680 and 49920?
640
What is the greatest common factor of 1552666 and 4?
2
Calculate the highest common divisor of 808 and 2585196.
404
What is the highest common divisor of 4954454 and 1414?
202
Calculate the greatest common factor of 4171 and 3768547.
97
Calculate the greatest common factor of 241295206 and 1714.
1714
Calculate the greatest common factor of 2817146 and 2.
2
What is the highest common factor of 308 and 23779448?
308
What is the highest common divisor of 34510 and 49010?
290
What is the greatest common factor of 424511 and 1679?
23
Calculate the highest common factor of 13036107 and 12.
3
Calculate the greatest common divisor of 3315 and 14261640.
255
What is the greatest common factor of 750 and 474975?
75
Calculate the highest common divisor of 4975 and 556879610.
995
What is the greatest common divisor of 221937505 and 5?
5
Calculate the highest common factor of 303615 and 624.
39
Calculate the greatest common factor of 760 and 876755.
95
Calculate the greatest common divisor of 3654 and 831852.
126
What is the greatest common factor of 899767512 and 56?
56
Calculate the greatest common factor of 1318 and 18247710.
1318
Calculate the highest common factor of 11594366 and 42.
14
Calculate the greatest common factor of 9390209 and 365.
73
What is the greatest common factor of 728662644 and 2988?
2988
What is the greatest common divisor of 29498 and 4048772?
686
Calculate the highest common divisor of 140486822 and 196.
98
Calculate the highest common factor of 22 and 33121737.
11
Calculate the highest common factor of 5 and 12504190.
5
Calculate the highest common divisor of 814634226 and 4644.
2322
Calculate the highest common divisor of 12322 and 59453894.
122
Calculate the highest common divisor of 133510 and 32130.
10
What is the highest common divisor of 89962 and 14818?
62
What is the highest common factor of 187 and 62327?
1
What is the greatest common factor of 562020 and 623067?
969
Calculate the highest common divisor of 776529934 and 103117.
14731
Calculate the greatest common factor of 4025 and 187052215.
805
Calculate the greatest common factor of 68619230 and 10.
10
What is the greatest common divisor of 22790 and 1147450?
530
Calculate the highest common factor of 8349 and 47564.
253
What is the greatest common factor of 614747 and 38111?
1657
What is the greatest common divisor of 6846 and 193452?
42
Calculate the greatest common divisor of 235004 and 58828.
308
What is the highest common factor of 625736 and 197880?
136
What is the greatest common divisor of 6162474 and 3476?
158
Calculate the greatest common divisor of 906 and 239087964.
906
Calculate the greatest common divisor of 38170584 and 6966.
774
Calculate the highest common factor of 3170 and 32507716.
634
Calculate the greatest common divisor of 1402047108 and 6.
6
What is the highest common divisor of 276156 and 4833?
27
Calculate the greatest common factor of 6600 and 36825.
75
Calculate the greatest common divisor of 1988 and 1378181.
497
Calculate the greatest common divisor of 7 and 156700859.
7
What is the highest common factor of 11661 and 6898827?
897
What is the greatest common divisor of 16596 and 5168732?
1844
What is the greatest common divisor of 6640063 and 4370?
19
Calculate the greatest common factor of 3517065 and 315.
45
What is the highest common divisor of 9898 and 495910?
202
What is the greatest common factor of 1677 and 1046760?
39
What is the greatest common factor of 8082669 and 210?
21
What is the highest common factor of 24713 and 750895?
1901
What is the greatest common factor of 2805 and 778770?
255
Calculate the highest common factor of 23448 and 868291164.
11724
Calculate the greatest common factor of 1946 and 295834.
14
Calculate the greatest common factor of 1271 and 10994677.
31
What is the greatest common divisor of 4653 and 3450458?
517
Calculate the highest common divisor of 1133540 and 1862020.
3140
Calculate the greatest common factor of 248497332 and 33039.
11013
What is the highest common divisor of 15 and 307489485?
15
What is the highest common divisor of 842 and 810476362?
842
Calculate the highest common factor of 16 and 329164.
4
What is the highest common divisor of 604 and 1525772?
4
What is the highest common factor of 1245165 and 10013?
323
What is the highest common factor of 552034 and 120701?
301
Calculate the greatest common divisor of 8935 and 12655.
5
Calculate the highest common factor of 87564 and 126660.
12
Calculate the greatest common divisor of 11070 and 6648642.
2214
What is the highest common divisor of 731253012 and 43?
43
What is the highest common factor of 215 and 70120?
5
What is the highest common factor of 92769 and 47829?
321
Calculate the greatest common divisor of 5 and 3885990.
5
Calculate the greatest common factor of 110 and 108187200.
110
Calculate the greatest common divisor of 1029695450 and 175.
175
Calculate the greatest common factor of 2575398 and 714.
714
Calculate the highest common factor of 170410848 and 6.
6
Calculate the greatest common factor of 1047303 and 9882189.
2133
What is the highest common factor of 2 and 15282134?
2
What is the highest common divisor of 25798514 and 56?
14
Calculate the highest common divisor of 43085177 and 2722.
1361
Calculate the highest common divisor of 8749462 and 4